{"id":602,"date":"2025-02-10T11:46:36","date_gmt":"2025-02-10T10:46:36","guid":{"rendered":"https:\/\/itnerfurt.ddns.net\/?page_id=602"},"modified":"2025-03-30T07:44:29","modified_gmt":"2025-03-30T05:44:29","slug":"server-webhosting","status":"publish","type":"page","link":"https:\/\/itnerfurt.com\/index.php\/server-webhosting\/","title":{"rendered":"Server &amp; Webhosting"},"content":{"rendered":"\t\t<div data-elementor-type=\"wp-page\" data-elementor-id=\"602\" class=\"elementor elementor-602\">\n\t\t\t\t<div class=\"elementor-element elementor-element-ee9b34f e-flex e-con-boxed e-con e-parent\" data-id=\"ee9b34f\" data-element_type=\"container\" data-e-type=\"container\">\n\t\t\t\t\t<div class=\"e-con-inner\">\n\t\t\t\t<div class=\"elementor-element elementor-element-0a1b31c elementor-widget elementor-widget-spacer\" data-id=\"0a1b31c\" data-element_type=\"widget\" data-e-type=\"widget\" data-widget_type=\"spacer.default\">\n\t\t\t\t<div class=\"elementor-widget-container\">\n\t\t\t\t\t\t\t<div class=\"elementor-spacer\">\n\t\t\t<div class=\"elementor-spacer-inner\"><\/div>\n\t\t<\/div>\n\t\t\t\t\t\t<\/div>\n\t\t\t\t<\/div>\n\t\t\t\t<div class=\"elementor-element elementor-element-9e99002 elementor-widget elementor-widget-heading\" data-id=\"9e99002\" data-element_type=\"widget\" data-e-type=\"widget\" data-widget_type=\"heading.default\">\n\t\t\t\t<div class=\"elementor-widget-container\">\n\t\t\t\t\t<h1 class=\"elementor-heading-title elementor-size-default\">Server &amp; Webhosting<\/h1>\t\t\t\t<\/div>\n\t\t\t\t<\/div>\n\t\t\t\t<div class=\"elementor-element elementor-element-7b191f8 elementor-hidden-mobile elementor-widget elementor-widget-heading\" data-id=\"7b191f8\" data-element_type=\"widget\" data-e-type=\"widget\" data-widget_type=\"heading.default\">\n\t\t\t\t<div class=\"elementor-widget-container\">\n\t\t\t\t\t<h2 class=\"elementor-heading-title elementor-size-default\">Leistungsstarke Serverl\u00f6sungen f\u00fcr Ihr Unternehmen<\/h2>\t\t\t\t<\/div>\n\t\t\t\t<\/div>\n\t\t\t\t<div class=\"elementor-element elementor-element-d40bd60 elementor-widget elementor-widget-spacer\" data-id=\"d40bd60\" data-element_type=\"widget\" data-e-type=\"widget\" data-widget_type=\"spacer.default\">\n\t\t\t\t<div class=\"elementor-widget-container\">\n\t\t\t\t\t\t\t<div class=\"elementor-spacer\">\n\t\t\t<div class=\"elementor-spacer-inner\"><\/div>\n\t\t<\/div>\n\t\t\t\t\t\t<\/div>\n\t\t\t\t<\/div>\n\t\t\t\t\t<\/div>\n\t\t\t\t<\/div>\n\t\t<div class=\"elementor-element elementor-element-410e71d e-flex e-con-boxed elementor-invisible e-con e-parent\" data-id=\"410e71d\" data-element_type=\"container\" data-e-type=\"container\" data-settings=\"{&quot;animation&quot;:&quot;fadeInUp&quot;}\">\n\t\t\t\t\t<div class=\"e-con-inner\">\n\t\t<div class=\"elementor-element elementor-element-6155de3 e-con-full e-flex e-con e-child\" data-id=\"6155de3\" data-element_type=\"container\" data-e-type=\"container\" data-settings=\"{&quot;background_background&quot;:&quot;classic&quot;}\">\n\t\t\t\t<\/div>\n\t\t<div class=\"elementor-element elementor-element-fccd2c3 e-con-full e-flex e-con e-child\" data-id=\"fccd2c3\" data-element_type=\"container\" data-e-type=\"container\" data-settings=\"{&quot;background_background&quot;:&quot;classic&quot;}\">\n\t\t\t\t<div class=\"elementor-element elementor-element-9515e58 elementor-widget elementor-widget-text-editor\" data-id=\"9515e58\" data-element_type=\"widget\" data-e-type=\"widget\" data-widget_type=\"text-editor.default\">\n\t\t\t\t<div class=\"elementor-widget-container\">\n\t\t\t\t\t\t\t\t\t<p>Ein <strong>schneller<\/strong> und <strong>sicherer<\/strong> <strong>Webauftritt<\/strong> ist heute <strong>unerl\u00e4sslich<\/strong>. Ich richte <strong>leistungsf\u00e4hige Webserver<\/strong> ein, \u00fcbernehme die <strong>Wartung<\/strong> und sorge f\u00fcr eine <strong>stabile<\/strong> und <strong>sichere<\/strong> Online-Pr\u00e4senz. So bleibt Ihre <strong>Website jederzeit<\/strong> <strong>erreichbar<\/strong> und <strong>gesch\u00fctzt.<\/strong><\/p>\t\t\t\t\t\t\t\t<\/div>\n\t\t\t\t<\/div>\n\t\t\t\t<\/div>\n\t\t<div class=\"elementor-element elementor-element-a3aafd3 e-con-full e-flex e-con e-child\" data-id=\"a3aafd3\" data-element_type=\"container\" data-e-type=\"container\" data-settings=\"{&quot;background_background&quot;:&quot;classic&quot;}\">\n\t\t\t\t<div class=\"elementor-element elementor-element-d5c40c4 elementor-widget elementor-widget-text-editor\" data-id=\"d5c40c4\" data-element_type=\"widget\" data-e-type=\"widget\" data-widget_type=\"text-editor.default\">\n\t\t\t\t<div class=\"elementor-widget-container\">\n\t\t\t\t\t\t\t\t\t<p style=\"text-align: center;\"><strong>&#8222;Individuelles Webdesign \u2013 modern, funktional, ansprechend&#8220;<\/strong><\/p><p>Ihre Website ist das <strong>Aush\u00e4ngeschild<\/strong> Ihres <strong>Unternehmens<\/strong>. Ich erstelle ma\u00dfgeschneiderte Designs, optimiere bestehende Seiten und sorge f\u00fcr eine <strong>benutzerfreundliche<\/strong> <strong>Darstellung<\/strong> auf <strong>allen Ger\u00e4ten<\/strong>. Professionell, individuell und <strong>suchmaschinenfreundlich<\/strong>.<\/p>\t\t\t\t\t\t\t\t<\/div>\n\t\t\t\t<\/div>\n\t\t\t\t<\/div>\n\t\t<div class=\"elementor-element elementor-element-906a73f e-con-full e-flex e-con e-child\" data-id=\"906a73f\" data-element_type=\"container\" data-e-type=\"container\" data-settings=\"{&quot;background_background&quot;:&quot;classic&quot;}\">\n\t\t\t\t<\/div>\n\t\t\t\t\t<\/div>\n\t\t\t\t<\/div>\n\t\t<div class=\"elementor-element elementor-element-d90a254 e-flex e-con-boxed e-con e-parent\" data-id=\"d90a254\" data-element_type=\"container\" data-e-type=\"container\">\n\t\t\t\t\t<div class=\"e-con-inner\">\n\t\t\t\t<div class=\"elementor-element elementor-element-3051a87 elementor-widget elementor-widget-spacer\" data-id=\"3051a87\" data-element_type=\"widget\" data-e-type=\"widget\" data-widget_type=\"spacer.default\">\n\t\t\t\t<div class=\"elementor-widget-container\">\n\t\t\t\t\t\t\t<div class=\"elementor-spacer\">\n\t\t\t<div class=\"elementor-spacer-inner\"><\/div>\n\t\t<\/div>\n\t\t\t\t\t\t<\/div>\n\t\t\t\t<\/div>\n\t\t\t\t\t<\/div>\n\t\t\t\t<\/div>\n\t\t<div class=\"elementor-element elementor-element-1d633c7 e-flex e-con-boxed elementor-invisible e-con e-parent\" data-id=\"1d633c7\" data-element_type=\"container\" data-e-type=\"container\" data-settings=\"{&quot;background_background&quot;:&quot;classic&quot;,&quot;animation&quot;:&quot;fadeInUp&quot;}\">\n\t\t\t\t\t<div class=\"e-con-inner\">\n\t\t\t\t<div class=\"elementor-element elementor-element-46c44ba elementor-widget elementor-widget-heading\" data-id=\"46c44ba\" data-element_type=\"widget\" data-e-type=\"widget\" data-widget_type=\"heading.default\">\n\t\t\t\t<div class=\"elementor-widget-container\">\n\t\t\t\t\t<h3 class=\"elementor-heading-title elementor-size-default\">F\u00fcr die Besten, von dem Besten!<\/h3>\t\t\t\t<\/div>\n\t\t\t\t<\/div>\n\t\t\t\t\t<\/div>\n\t\t\t\t<\/div>\n\t\t<div class=\"elementor-element elementor-element-d34e875 e-flex e-con-boxed e-con e-parent\" data-id=\"d34e875\" data-element_type=\"container\" data-e-type=\"container\" data-settings=\"{&quot;background_background&quot;:&quot;classic&quot;}\">\n\t\t\t\t\t<div class=\"e-con-inner\">\n\t\t\t\t<div class=\"elementor-element elementor-element-6a180fb elementor-widget elementor-widget-text-editor\" data-id=\"6a180fb\" data-element_type=\"widget\" data-e-type=\"widget\" data-widget_type=\"text-editor.default\">\n\t\t\t\t<div class=\"elementor-widget-container\">\n\t\t\t\t\t\t\t\t\t<p class=\"\" data-start=\"91\" data-end=\"388\">Eine professionelle Webseite ist mehr als nur Design \u2013 sie muss <strong data-start=\"155\" data-end=\"190\">schnell, sicher und zuverl\u00e4ssig<\/strong> sein. Ich biete Ihnen <strong data-start=\"213\" data-end=\"259\">ma\u00dfgeschneidertes Webhosting und Webdesign<\/strong> mit Fokus auf <strong data-start=\"274\" data-end=\"333\">stabile Server, regelm\u00e4\u00dfige Wartung und SEO-Optimierung<\/strong>, damit Ihre Webseite langfristig erfolgreich bleibt.<\/p>\t\t\t\t\t\t\t\t<\/div>\n\t\t\t\t<\/div>\n\t\t\t\t<div class=\"elementor-element elementor-element-bd89883 elementor-widget elementor-widget-heading\" data-id=\"bd89883\" data-element_type=\"widget\" data-e-type=\"widget\" data-widget_type=\"heading.default\">\n\t\t\t\t<div class=\"elementor-widget-container\">\n\t\t\t\t\t<h3 class=\"elementor-heading-title elementor-size-default\">Warum mein Webhosting die richtige Wahl f\u00fcr Sie ist:<\/h3>\t\t\t\t<\/div>\n\t\t\t\t<\/div>\n\t\t\t\t<div class=\"elementor-element elementor-element-124f4da elementor-widget elementor-widget-text-editor\" data-id=\"124f4da\" data-element_type=\"widget\" data-e-type=\"widget\" data-widget_type=\"text-editor.default\">\n\t\t\t\t<div class=\"elementor-widget-container\">\n\t\t\t\t\t\t\t\t\t<p class=\"\" data-start=\"91\" data-end=\"388\">\u00a0<\/p><p class=\"\" data-start=\"450\" data-end=\"1316\">\u2705 <strong data-start=\"452\" data-end=\"483\">Sicherheit an erster Stelle<\/strong> \u2013 Ich k\u00fcmmere mich um regelm\u00e4\u00dfige Updates, Wartung und Sicherheitsma\u00dfnahmen, damit Ihre Daten gesch\u00fctzt sind.<br data-start=\"593\" data-end=\"596\" \/>\u2705 <strong data-start=\"598\" data-end=\"640\">Perfekte Darstellung auf allen Ger\u00e4ten<\/strong> \u2013 Ihre Webseite wird f\u00fcr <strong data-start=\"666\" data-end=\"703\" data-is-only-node=\"\">Smartphones, Tablets und Desktops<\/strong> optimiert, damit Kunden Sie jederzeit und \u00fcberall erreichen k\u00f6nnen.<br data-start=\"771\" data-end=\"774\" \/>\u2705 <strong data-start=\"776\" data-end=\"803\">SEO-Optimiertes Hosting<\/strong> \u2013 Damit Ihr Unternehmen in Suchmaschinen besser gefunden wird und mehr Kunden gewinnt.<br data-start=\"890\" data-end=\"893\" \/>\u2705 <strong data-start=\"895\" data-end=\"918\">24\/7 Notfallkontakt<\/strong> \u2013 Ich bin jederzeit erreichbar, falls es technische Probleme gibt.<br data-start=\"985\" data-end=\"988\" \/>\u2705 <strong data-start=\"990\" data-end=\"1011\">WordPress-Experte<\/strong> \u2013 Ich setze auf das weltweit f\u00fchrende CMS f\u00fcr maximale Flexibilit\u00e4t und Zukunftssicherheit.<br data-start=\"1103\" data-end=\"1106\" \/>\u2705 <strong data-start=\"1108\" data-end=\"1135\">Investition in Qualit\u00e4t<\/strong> \u2013 &#8222;Wer billig kauft, kauft zweimal&#8220;. Professionelles Webhosting kann schnell teuer werden. Jedoch zahlt sich hier eine gute Investition allemal aus!<\/p><h4 data-start=\"1318\" data-end=\"1387\"><strong data-start=\"1318\" data-end=\"1384\">Setzen Sie auf Qualit\u00e4t und Sicherheit \u2013 ich berate Sie gerne!<\/strong><\/h4>\t\t\t\t\t\t\t\t<\/div>\n\t\t\t\t<\/div>\n\t\t\t\t\t<\/div>\n\t\t\t\t<\/div>\n\t\t<div class=\"elementor-element elementor-element-eeee006 e-flex e-con-boxed e-con e-parent\" data-id=\"eeee006\" data-element_type=\"container\" data-e-type=\"container\">\n\t\t\t\t\t<div class=\"e-con-inner\">\n\t\t\t\t<div class=\"elementor-element elementor-element-33bde26 elementor-align-center elementor-widget elementor-widget-button\" data-id=\"33bde26\" data-element_type=\"widget\" data-e-type=\"widget\" data-widget_type=\"button.default\">\n\t\t\t\t<div class=\"elementor-widget-container\">\n\t\t\t\t\t\t\t\t\t<div class=\"elementor-button-wrapper\">\n\t\t\t\t\t<a class=\"elementor-button elementor-button-link elementor-size-sm\" href=\"https:\/\/itnerfurt.com\/index.php\/kontakt\/\">\n\t\t\t\t\t\t<span class=\"elementor-button-content-wrapper\">\n\t\t\t\t\t\t<span class=\"elementor-button-icon\">\n\t\t\t\t<svg aria-hidden=\"true\" class=\"e-font-icon-svg e-fas-file-contract\" viewBox=\"0 0 384 512\" xmlns=\"http:\/\/www.w3.org\/2000\/svg\"><path d=\"M224 136V0H24C10.7 0 0 10.7 0 24v464c0 13.3 10.7 24 24 24h336c13.3 0 24-10.7 24-24V160H248c-13.2 0-24-10.8-24-24zM64 72c0-4.42 3.58-8 8-8h80c4.42 0 8 3.58 8 8v16c0 4.42-3.58 8-8 8H72c-4.42 0-8-3.58-8-8V72zm0 64c0-4.42 3.58-8 8-8h80c4.42 0 8 3.58 8 8v16c0 4.42-3.58 8-8 8H72c-4.42 0-8-3.58-8-8v-16zm192.81 248H304c8.84 0 16 7.16 16 16s-7.16 16-16 16h-47.19c-16.45 0-31.27-9.14-38.64-23.86-2.95-5.92-8.09-6.52-10.17-6.52s-7.22.59-10.02 6.19l-7.67 15.34a15.986 15.986 0 0 1-14.31 8.84c-.38 0-.75-.02-1.14-.05-6.45-.45-12-4.75-14.03-10.89L144 354.59l-10.61 31.88c-5.89 17.66-22.38 29.53-41 29.53H80c-8.84 0-16-7.16-16-16s7.16-16 16-16h12.39c4.83 0 9.11-3.08 10.64-7.66l18.19-54.64c3.3-9.81 12.44-16.41 22.78-16.41s19.48 6.59 22.77 16.41l13.88 41.64c19.77-16.19 54.05-9.7 66 14.16 2.02 4.06 5.96 6.5 10.16 6.5zM377 105L279.1 7c-4.5-4.5-10.6-7-17-7H256v128h128v-6.1c0-6.3-2.5-12.4-7-16.9z\"><\/path><\/svg>\t\t\t<\/span>\n\t\t\t\t\t\t\t\t\t<span class=\"elementor-button-text\">Kontaktformular<\/span>\n\t\t\t\t\t<\/span>\n\t\t\t\t\t<\/a>\n\t\t\t\t<\/div>\n\t\t\t\t\t\t\t\t<\/div>\n\t\t\t\t<\/div>\n\t\t\t\t\t<\/div>\n\t\t\t\t<\/div>\n\t\t<div class=\"elementor-element elementor-element-bbe5060 e-flex e-con-boxed e-con e-parent\" data-id=\"bbe5060\" data-element_type=\"container\" data-e-type=\"container\">\n\t\t\t\t\t<div class=\"e-con-inner\">\n\t\t\t\t<div class=\"elementor-element elementor-element-25f94cf elementor-widget elementor-widget-heading\" data-id=\"25f94cf\" data-element_type=\"widget\" data-e-type=\"widget\" data-widget_type=\"heading.default\">\n\t\t\t\t<div class=\"elementor-widget-container\">\n\t\t\t\t\t<h5 class=\"elementor-heading-title elementor-size-default\">Oder direkt Kontakt aufnehmen:<\/h5>\t\t\t\t<\/div>\n\t\t\t\t<\/div>\n\t\t\t\t\t<\/div>\n\t\t\t\t<\/div>\n\t\t<div class=\"elementor-element elementor-element-d3a4aef e-flex e-con-boxed e-con e-parent\" data-id=\"d3a4aef\" data-element_type=\"container\" data-e-type=\"container\" data-settings=\"{&quot;background_background&quot;:&quot;classic&quot;}\">\n\t\t\t\t\t<div class=\"e-con-inner\">\n\t\t\t\t<div class=\"elementor-element elementor-element-6ec3528 elementor-view-default elementor-widget elementor-widget-icon\" data-id=\"6ec3528\" data-element_type=\"widget\" data-e-type=\"widget\" data-widget_type=\"icon.default\">\n\t\t\t\t<div class=\"elementor-widget-container\">\n\t\t\t\t\t\t\t<div class=\"elementor-icon-wrapper\">\n\t\t\t<div class=\"elementor-icon\">\n\t\t\t<svg aria-hidden=\"true\" class=\"e-font-icon-svg e-fas-phone-alt\" viewBox=\"0 0 512 512\" xmlns=\"http:\/\/www.w3.org\/2000\/svg\"><path d=\"M497.39 361.8l-112-48a24 24 0 0 0-28 6.9l-49.6 60.6A370.66 370.66 0 0 1 130.6 204.11l60.6-49.6a23.94 23.94 0 0 0 6.9-28l-48-112A24.16 24.16 0 0 0 122.6.61l-104 24A24 24 0 0 0 0 48c0 256.5 207.9 464 464 464a24 24 0 0 0 23.4-18.6l24-104a24.29 24.29 0 0 0-14.01-27.6z\"><\/path><\/svg>\t\t\t<\/div>\n\t\t<\/div>\n\t\t\t\t\t\t<\/div>\n\t\t\t\t<\/div>\n\t\t\t\t<div class=\"elementor-element elementor-element-622d93b elementor-widget elementor-widget-heading\" data-id=\"622d93b\" data-element_type=\"widget\" data-e-type=\"widget\" data-widget_type=\"heading.default\">\n\t\t\t\t<div class=\"elementor-widget-container\">\n\t\t\t\t\t<h4 class=\"elementor-heading-title elementor-size-default\">0152 04478819<\/h4>\t\t\t\t<\/div>\n\t\t\t\t<\/div>\n\t\t\t\t\t<\/div>\n\t\t\t\t<\/div>\n\t\t<div class=\"elementor-element elementor-element-c3d4a41 e-flex e-con-boxed e-con e-parent\" data-id=\"c3d4a41\" data-element_type=\"container\" data-e-type=\"container\" data-settings=\"{&quot;background_background&quot;:&quot;classic&quot;}\">\n\t\t\t\t\t<div class=\"e-con-inner\">\n\t\t\t\t<div class=\"elementor-element elementor-element-24379a4 elementor-view-default elementor-widget elementor-widget-icon\" data-id=\"24379a4\" data-element_type=\"widget\" data-e-type=\"widget\" data-widget_type=\"icon.default\">\n\t\t\t\t<div class=\"elementor-widget-container\">\n\t\t\t\t\t\t\t<div class=\"elementor-icon-wrapper\">\n\t\t\t<div class=\"elementor-icon\">\n\t\t\t<svg aria-hidden=\"true\" class=\"e-font-icon-svg e-fas-mail-bulk\" viewBox=\"0 0 576 512\" xmlns=\"http:\/\/www.w3.org\/2000\/svg\"><path d=\"M160 448c-25.6 0-51.2-22.4-64-32-64-44.8-83.2-60.8-96-70.4V480c0 17.67 14.33 32 32 32h256c17.67 0 32-14.33 32-32V345.6c-12.8 9.6-32 25.6-96 70.4-12.8 9.6-38.4 32-64 32zm128-192H32c-17.67 0-32 14.33-32 32v16c25.6 19.2 22.4 19.2 115.2 86.4 9.6 6.4 28.8 25.6 44.8 25.6s35.2-19.2 44.8-22.4c92.8-67.2 89.6-67.2 115.2-86.4V288c0-17.67-14.33-32-32-32zm256-96H224c-17.67 0-32 14.33-32 32v32h96c33.21 0 60.59 25.42 63.71 57.82l.29-.22V416h192c17.67 0 32-14.33 32-32V192c0-17.67-14.33-32-32-32zm-32 128h-64v-64h64v64zm-352-96c0-35.29 28.71-64 64-64h224V32c0-17.67-14.33-32-32-32H96C78.33 0 64 14.33 64 32v192h96v-32z\"><\/path><\/svg>\t\t\t<\/div>\n\t\t<\/div>\n\t\t\t\t\t\t<\/div>\n\t\t\t\t<\/div>\n\t\t\t\t<div class=\"elementor-element elementor-element-5f173d7 elementor-widget elementor-widget-heading\" data-id=\"5f173d7\" data-element_type=\"widget\" data-e-type=\"widget\" data-widget_type=\"heading.default\">\n\t\t\t\t<div class=\"elementor-widget-container\">\n\t\t\t\t\t<h4 class=\"elementor-heading-title elementor-size-default\">fabian.noth@itnerfurt.com<\/h4>\t\t\t\t<\/div>\n\t\t\t\t<\/div>\n\t\t\t\t\t<\/div>\n\t\t\t\t<\/div>\n\t\t\t\t<\/div>\n\t\t","protected":false},"excerpt":{"rendered":"<p>Server &#038; Webhosting Leistungsstarke Serverl\u00f6sungen f\u00fcr Ihr Unternehmen Ein schneller und sicherer Webauftritt ist heute unerl\u00e4sslich. Ich richte leistungsf\u00e4hige Webserver ein, \u00fcbernehme die Wartung und sorge f\u00fcr eine stabile und sichere Online-Pr\u00e4senz. So bleibt Ihre Website jederzeit erreichbar und gesch\u00fctzt. &#8222;Individuelles Webdesign \u2013 modern, funktional, ansprechend&#8220; Ihre Website ist das Aush\u00e4ngeschild Ihres Unternehmens. Ich erstelle&hellip;&nbsp;<a href=\"https:\/\/itnerfurt.com\/index.php\/server-webhosting\/\" rel=\"bookmark\">Weiterlesen &raquo;<span class=\"screen-reader-text\">Server &amp; Webhosting<\/span><\/a><\/p>\n","protected":false},"author":1,"featured_media":0,"parent":0,"menu_order":8,"comment_status":"closed","ping_status":"closed","template":"page-templates\/template-pagebuilder-full-width.php","meta":{"neve_meta_sidebar":"","neve_meta_container":"","neve_meta_enable_content_width":"","neve_meta_content_width":0,"neve_meta_title_alignment":"","neve_meta_author_avatar":"","neve_post_elements_order":"","neve_meta_disable_header":"","neve_meta_disable_footer":"","neve_meta_disable_title":"","footnotes":""},"class_list":["post-602","page","type-page","status-publish","hentry"],"_links":{"self":[{"href":"https:\/\/itnerfurt.com\/index.php\/wp-json\/wp\/v2\/pages\/602","targetHints":{"allow":["GET"]}}],"collection":[{"href":"https:\/\/itnerfurt.com\/index.php\/wp-json\/wp\/v2\/pages"}],"about":[{"href":"https:\/\/itnerfurt.com\/index.php\/wp-json\/wp\/v2\/types\/page"}],"author":[{"embeddable":true,"href":"https:\/\/itnerfurt.com\/index.php\/wp-json\/wp\/v2\/users\/1"}],"replies":[{"embeddable":true,"href":"https:\/\/itnerfurt.com\/index.php\/wp-json\/wp\/v2\/comments?post=602"}],"version-history":[{"count":22,"href":"https:\/\/itnerfurt.com\/index.php\/wp-json\/wp\/v2\/pages\/602\/revisions"}],"predecessor-version":[{"id":2018,"href":"https:\/\/itnerfurt.com\/index.php\/wp-json\/wp\/v2\/pages\/602\/revisions\/2018"}],"wp:attachment":[{"href":"https:\/\/itnerfurt.com\/index.php\/wp-json\/wp\/v2\/media?parent=602"}],"curies":[{"name":"wp","href":"https:\/\/api.w.org\/{rel}","templated":true}]}}