{"id":704,"date":"2025-02-10T15:19:33","date_gmt":"2025-02-10T14:19:33","guid":{"rendered":"https:\/\/itnerfurt.ddns.net\/?page_id=704"},"modified":"2025-02-11T14:39:33","modified_gmt":"2025-02-11T13:39:33","slug":"impressum","status":"publish","type":"page","link":"https:\/\/itnerfurt.com\/index.php\/impressum\/","title":{"rendered":"Impressum"},"content":{"rendered":"\n<p><strong>Angaben gem\u00e4\u00df \u00a7 5 TMG:<\/strong><br>IT-Network Solutions Erfurt Inh. Noth<br>Inhaber: Fabian Noth<br>Erfurter Stra\u00dfe, 11, 99195, Schlo\u00dfvippach<br>fabian.noth@itnerfurt.com<br>015204478819<\/p>\n\n\n\n<p><strong>Umsatzsteuer-ID:<\/strong><br>nicht vorhanden, da Kleinunternehmer nach \u00a719 Abs. 1 UStG<\/p>\n\n\n\n<p><strong>Verantwortlich f\u00fcr den Inhalt nach \u00a7 55 Abs. 2 RStV:<\/strong><br>Fabian Noth<br>Erfurter Stra\u00dfe, 11, 99195, Schlo\u00dfvippach<\/p>\n\n\n\n<p><strong>Kontakt:<\/strong><br>Telefon: 015204478819<br>E-Mail: fabian.noth@itnerfurt.com<\/p>\n\n\n\n<p><strong>Streitschlichtung:<\/strong><br>Die Europ\u00e4ische Kommission stellt eine Plattform zur Online-Streitbeilegung (OS) bereit: <a href=\"https:\/\/ec.europa.eu\/consumers\/odr\">https:\/\/ec.europa.eu\/consumers\/odr<\/a>.<br>Unsere E-Mail-Adresse findest du oben im Impressum.<\/p>\n\n\n\n<p>Wir sind nicht bereit oder verpflichtet, an Streitbeilegungsverfahren vor einer Verbraucherschlichtungsstelle teilzunehmen.<\/p>\n","protected":false},"excerpt":{"rendered":"<p>Angaben gem\u00e4\u00df \u00a7 5 TMG:IT-Network Solutions Erfurt Inh. NothInhaber: Fabian NothErfurter Stra\u00dfe, 11, 99195, Schlo\u00dfvippachfabian.noth@itnerfurt.com015204478819 Umsatzsteuer-ID:nicht vorhanden, da Kleinunternehmer nach \u00a719 Abs. 1 UStG Verantwortlich f\u00fcr den Inhalt nach \u00a7 55 Abs. 2 RStV:Fabian NothErfurter Stra\u00dfe, 11, 99195, Schlo\u00dfvippach Kontakt:Telefon: 015204478819E-Mail: fabian.noth@itnerfurt.com Streitschlichtung:Die Europ\u00e4ische Kommission stellt eine Plattform zur Online-Streitbeilegung (OS) bereit: https:\/\/ec.europa.eu\/consumers\/odr.Unsere E-Mail-Adresse findest&hellip;&nbsp;<a href=\"https:\/\/itnerfurt.com\/index.php\/impressum\/\" rel=\"bookmark\">Weiterlesen &raquo;<span class=\"screen-reader-text\">Impressum<\/span><\/a><\/p>\n","protected":false},"author":1,"featured_media":0,"parent":0,"menu_order":0,"comment_status":"closed","ping_status":"closed","template":"","meta":{"neve_meta_sidebar":"","neve_meta_container":"","neve_meta_enable_content_width":"","neve_meta_content_width":0,"neve_meta_title_alignment":"","neve_meta_author_avatar":"","neve_post_elements_order":"","neve_meta_disable_header":"","neve_meta_disable_footer":"","neve_meta_disable_title":"","footnotes":""},"class_list":["post-704","page","type-page","status-publish","hentry"],"_links":{"self":[{"href":"https:\/\/itnerfurt.com\/index.php\/wp-json\/wp\/v2\/pages\/704","targetHints":{"allow":["GET"]}}],"collection":[{"href":"https:\/\/itnerfurt.com\/index.php\/wp-json\/wp\/v2\/pages"}],"about":[{"href":"https:\/\/itnerfurt.com\/index.php\/wp-json\/wp\/v2\/types\/page"}],"author":[{"embeddable":true,"href":"https:\/\/itnerfurt.com\/index.php\/wp-json\/wp\/v2\/users\/1"}],"replies":[{"embeddable":true,"href":"https:\/\/itnerfurt.com\/index.php\/wp-json\/wp\/v2\/comments?post=704"}],"version-history":[{"count":2,"href":"https:\/\/itnerfurt.com\/index.php\/wp-json\/wp\/v2\/pages\/704\/revisions"}],"predecessor-version":[{"id":727,"href":"https:\/\/itnerfurt.com\/index.php\/wp-json\/wp\/v2\/pages\/704\/revisions\/727"}],"wp:attachment":[{"href":"https:\/\/itnerfurt.com\/index.php\/wp-json\/wp\/v2\/media?parent=704"}],"curies":[{"name":"wp","href":"https:\/\/api.w.org\/{rel}","templated":true}]}}